- 12 - -1).
-2
What is 0 + 4 + (-8 - -8) - -7?
11
What is 0 + (0 + -2 - 2)?
-4
What is -4 + -9 + 3 + 11 + -2?
-1
What is 0 + (0 + -4 - -4)?
0
Evaluate (-5 + 6 - -3) + (1 - 0).
5
Calculate (5 - 3 - -4) + -7.
-1
What is the value of -12 + 11 - ((-2 - 1) + 1)?
1
What is the value of -1 - -4 - (15 - 12)?
0
-3 + 0 + 5 - (3 - -2)
-3
What is 6 + -3 + (-8 - -8) - 1?
2
2 - ((2 - 5) + -1 + 5)
1
Calculate -7 + 1 + -4 + 8.
-2
Evaluate (5 - (-1 + 3)) + -5.
-2
(3 - 14) + 3 - (-26 + 25)
-7
Calculate 5 + (0 - -3) + -2 + -1.
5
What is the value of 1 + 0 + (4 - 2) - 8?
-5
Evaluate (-1 - 1) + (-14 - -10) + 1.
-5
What is the value of (12 - 11) + -2 + 1?
0
Calculate -2 + 10 + (2 - 4).
6
(6 - 2) + 1 + -2 + -3
0
-1 + -2 + -1 + 5
1
What is 3 + -3 + -4 + 2 + -1?
-3
0 - 2 - (-8 - (5 + -16))
-5
Calculate 1 - 0 - -1 - 6.
-4
What is -5 - -2 - (1 + (4 - 3))?
-5
12 - (9 - (1 - 9))
-5
What is -8 + 2 + (0 - -8)?
2
-4 - 6 - (1 + -6)
-5
What is the value of (20 - 22) + 0 + 1 + 3?
2
What is the value of (-5 - (2 + 1)) + 10?
2
1 + -8 + (0 - -6) + -3
-4
What is the value of 2 - (4 - (3 + (-5 - -4)))?
0
Calculate 8 + -14 + -2 + 4.
-4
2 - -1 - (1 + -3)
5
What is the value of (9 - 1 - -2) + -10?
0
Evaluate -3 - (-1 + 4 + 1 + -2).
-5
Calculate (0 + -1 - 1) + (301 - 305).
-6
Evaluate 6 + (-4 - (3 - 0)).
-1
What is the value of 5 - (4 + -4) - 3?
2
Calculate 3 + (-1 - -2 - 3) + 2.
3
What is the value of (-10 - (-12 + 2)) + -5?
-5
What is the value of -4 + -6 + -6 + 14?
-2
What is -9 + 5 + -1 + (7 - 4)?
-2
What is -13 + (0 + 2 - -5)?
-6
Calculate (1 - 0) + (3 - (-4 - -3)).
5
31 + -33 - ((1 - 0) + -5)
2
2 + -3 - (1 - (-1 - 1))
-4
What is the value of -8 - ((3 - 5) + -2)?
-4
Calculate 6 - 6 - (0 - -1).
-1
Evaluate 2 - (3 + 1) - -5.
3
(2 - 6) + 1 + -2 + 5
0
4 - 4 - (-1 + 0 + -1)
2
Evaluate (-13 - 1) + 11 + -3 + -1.
-7
Calculate (-4 - 0) + (-5 - (-10 + 1)).
0
What is the value of (11 - 9) + -8 + 0 + 5?
-1
What is the value of -6 - -11 - (-2 + 7 + -2)?
2
Evaluate 6 + -9 - (-1 + 2).
-4
What is (-3 - -1 - -3) + 4?
5
Evaluate (-48 - -53) + -7 + -2 + 4.
0
Calculate -3 - (-8 + 5) - 5.
-5
Evaluate 5 - -1 - (80 - 74).
0
What is the value of 4 - ((4 - 6) + 5 - 0)?
1
(-1 - 1) + -1 + 4
1
Calculate 4 + (3 - 3 - 0) - 4.
0
Evaluate 1 + -3 + 5 - 5.
-2
Evaluate ((-3 - 2) + -1 - 1) + 2.
-5
What is -1 - (3 + -5 + 3)?
-2
Calculate 6 - (2 + -3 + 6) - 7.
-6
Evaluate (0 - 5) + (-4 - -4).
-5
Evaluate (-2 - (-3 - 0)) + (-31 - -25).
-5
0 + 0 + -1 - (-36 - -42)
-7
What is -3 + -2 + -4 + 7 + -3?
-5
Calculate -1 - -6 - 8 - -3 - 3.
-3
What is 3 + -19 + 5 + 5?
-6
Calculate 3 + -1 + (0 + -6 - 2).
-6
What is -2 - ((-3 - 4) + -1 + 5)?
1
What is 6 + -7 + (-1 - 1)?
-3
Evaluate -5 - 2 - (-6 - -2 - 3).
0
What is the value of (-11 - (-9 - -8)) + 12?
2
What is the value of 4 + -1 - (2 + 6 - 10)?
5
-13 - (-10 - -14 - 11)
-6
What is the value of (1 - -1) + (-2 - 3) - -4?
1
10 + -2 + (-3 - -6 - 6)
5
7 + -2 + 8 + -10
3
What is -19 - -15 - (1 - -1)?
-6
Calculate -75 + 76 - (-1 + -2 + 1).
3
Evaluate 6 + (4 - 8) - 5.
-3
Evaluate -14 + 14 - (-1 + 3 - 2).
0
Calculate 0 + 1 - (-58 + 60).
-1
-58 + 52 - (0 - 2)
-4
Calculate -4 + 1 - 0 - -4.
1
What is -3 + (0 - (1 - 2))?
-2
What is the value of -15 + 16 - (1 - 4)?
4
Calculate 4 + (2 + 1 - (12 - 8)).
3
Calculate 0 + 0 - (-1 + (-1 - -2)).
0
What is the value of 1 + 3 + 0 + -8 + 6?
2
Evaluate 5 + 4 - (3 - -3).
3
Calculate (0 + 4 - -3) + 14 + -16.
5
Calculate -1 + 3 - (-5 + 9).
-2
What is 6 + (-6 - 3) - 2?
-5
What is 45 + -47 + (0 - 2)?
-4
Evaluate -8 + 8 - (2 - (-5 + 2)).
-5
What is the value of (1 - -4 - -11) + -10?
6
Evaluate (1 - 1) + (18 - 39) + 25.
4
What is the value of -6 - (4 + -12 - -7)?
-5
Evaluate (-1 - -2) + 1 - (9 - 9).
2
-2 + (-3 - 0 - -3)
-2
Calculate -5 + 10 + -10 - -9.
4
Evaluate 22 + -15 + (-1 - 0).
6
Evaluate (-5 - (-8 - 0)) + -1.
2
9 + -10 + (3 - (-4 - 1))
7
Evaluate 13 + -3 + -5 + -2.
3
(-4 - 1) + 2 + 4 + -5
-4
-5 + 6 - -3 - 4
0
What is -6 + 2 + 1 + 2 + -4?
-5
Evaluate -36 - -26 - (1 + -8).
-3
Evaluate 1 - (21 - 8) - -5.
-7
Calculate -1 - (-4 + 0 + -1 + 4).
0
What is 5 + (7 - 16) - (-5 + 5)?
-4
-1 + 4 - (3 + 1)
-1
Calculate -3 - (1 + (-2 - -3 - 4)).
-1
Evaluate 7 - (1 + 8 + -9).
7
Evaluate -12 + 17 + (-6 - (1 - 2)).
0
1 - (-1 + 0 + -1) - -1
4
What is the value of -13 - ((-5 - 4) + 3)?
-7
Evaluate 1 + 2 + (17 - (-2 + 13)).
9
What is the value of 7 - (9 - -8) - -14?
4
What is 3 + (-14 - -18 - (3 + 0))?
4
Evaluate 14 + -8 + -14 + 15.
7
What is the value of (7 - (0 + 4)) + -3?
0
16 + -1 - ((1 - -2) + 2)
10
What is the value of (4 - -12) + -11 - (6 + -1)?
0
What is the value of (2 - 2) + -4 + -32 + 32?
-4
(0 + -5 - -1) + (-13 - -17)
0
-3 + -3 + 5 - -4
3
Evaluate 9 + 0 - (-27 + 29).
7
What is the value of 15 + (-26 - -13) - 5?
-3
Evaluate 8 + -10 - (3 + 0).
-5
0 - (-13 + 3 - -2)
8
Evaluate -1 - -7 - -1 - 5.
2
Calculate -4 + (-18 + 9 - -10).
-3
Evaluate 3 - (-3 - (-3 - 0)).
3
What is 39 + -36 - (-1 + 2)?
2
Calculate (1 - 0) + -1 - (-27 + 25).
2
Evaluate (4 - 7) + (2 - -2).
1
What is 3 + (2 + 0 - (11 - 11))?
5
Calculate 1 + (0 - 1 - 2).
-2
Calculate (-3 - -11) + 1 + 3 - 6.
6
-5 + 10 + -3 + -3 + 2
1
What is the value of -1 - 2 - ((2 - 10) + 3)?
2
Evaluate -13 + -7 + 7 + 2 + 5.
-6
Calculate -12 + 1 - -2 - (-16 - -11).
-4
Calculate -2 - (-6 + 7) - (5 + -8).
0
Calculate 2 + (0 - 2) + (2 - 3).
-1
Evaluate (1 - -6) + -7 + 1.
1
What is the value of 4 - -3 - 4 - 3?
0
0 + 0 + 3 + -5
-2
What is 6 + (-7 + 4 - -2 - 2)?
3
What is 3 - (-9 - (-22 - -6))?
-4
0 + 1 + (-3 - (2 - -1))
-5
What is the value of (-8 - 0) + 13 - 13?
-8
What is the value of -13 + (3 - (-30 + 9))?
11
Calculate 2 - (1 - -1 - 2) - -1.
3
Calculate (1 - 1) + -1 - 1.
-2
Evaluate (-2 + 2 - 4) + 7.
3
4 + -1 - (0 + 2 - 1)
2
Evaluate 5 + (2 - (-5 - -9 - 1)).
4
11 + -8 - (1 - -3)
-1
Evaluate 0 - 3 - (8 + (-19 - -6)).
2
Evaluate 3 - ((-3 - -2) + 4).
0
3 + -9 + 6 - -1
1
4 - ((8 - 11) + 6 + 0)
1
Evaluate 1 + -6 + -18 + 25 + -6.
-4
Evaluate -4 + -5 + (1 - -3).
-5
Calculate (6 - (-1 + 7)) + 2.
2
Calculate (10 - 4) + -14 - -5.
-3
What is the value of -2 + 6 + -2 + -2?
0
0 + (1 - (3 - (6 + -2)))
2
(-6 - -12) + (3 - 4)
5
Calculate -3 + -6 + -4 - -8.
-5
What is the value of (2 - 0) + -12 - -2 - -3?
-5
-3 - (2 - (6 + -3)) - -1
-1
(2 + -3 - 5) + 6
0
What is 2 + -4 - (-2 - (-7 + 5))?
-2
What is the value of -8 + -5 + 2 + 8?
-3
-2 + 7 + -13 + 7 + 4
3
Calculate 9 - (0 + 13 + -11).
7
Evaluate -14 - -11 - (-2 + 0) - -2.
1
What is the value of (-7 - (0 - (-2 + 8))) + -7?
-8
What is (6 - 2) + (-5 - -2 - 1)?
0
What is -1 + -5 + 5 + -1 + -1?
-3
-9 - (-12 + 2 - -5)
-4
Evaluate -5 - (-3 - (-2 + 3 + -1)).
-2
What is the value of -4 + (4 - (1 - -4))?
-5
Evaluate (-3 + -7 - 3) + 21 + -15.
-7
What is 2 - (7 + -5 + 4)?
-4
What is -2 + 7 + -29 + 20?
-4
Evaluate (7 - 4) + (2 - 7).
-2
What is -1 + -2 + 4 + 1?
2
-7 + (11 - (8 - 8))
4
Evaluate (15 - 3) + -5 + -6.
1
Calculate 3 + (-5 - -6) - (2 + -1).
3
What is the value of (1 - (0 + 2)) + (-3 - -7)?
3
Calculate -4 + 5 + 3 + -3.
1
What is -1 - (-1 - (-3 - (5 - 5)))?
-3
-1 - (2 + -3 - 4) - 1
3
Calculate -3 + (3 + 3 + -7 - 4).
-8
Evaluate (-1 - -7) + (14 - 9) + -12.
-1
Evaluate 6 - 6 - (2 + (-2 - 1)).
1
Calculate -8 + (4 - 0) + 8.
4
Calculate 2 - (0 + (1 + 6 - 1)).
-4
Calculate 12 - (-7 - (-4 + (-8 - -2))).
9
Evaluate -8 + -4 + 10 + -2.
-4
Evaluate (11 - 16) + (1 - -6 - 2).
0
What is 1 + 1 + (-6 - -2)?
-2
(13 - 4 - 7 - 8) + 9
3
What is the value of -17 + (8 - 3) - (-1 + -3)?
-8
(-1 - 4) + (-9 - (-16 - -6))
-4
What is the value of (2 - -2) + (4 - (3 - 0))?
5
Evaluate -7 - (-4 - -2) - -11 - 9.
-3
What is the value of 5 + (-39 - -35 - (0 + -5))?
6
What is the value of 7 - (6 + -4 + 1)?
4
What is the value of -8 - (-2 + 5 + -4 - 4)?
-3
What is 8 - ((52 - 35) + 1 + 0)?
-10
What is the value of (1 - 0) + 0 + 5 + -8?
-2
13 + -17 + -8 + 10
-2
Calculate -7 - (2 + -10) - (1 + 2).
-2
What is the value of -4 + (6 - 3 - 2) + -5?
-8
What is the value of (-6 - (-17 + 7)) + -6?
-2
Evaluate (0 - 0) + (-18 + 8 - -10).
0
What is (-16 - -38) + -16 + (-2 - 0)?
4
What is the value of 2 + (5 - (10 + -4))?
1
What is 2 + (-4 - ((2 - 6) + 3))?
-1
Calculate 7 + (0 - (2 + -6)).
11
(-1 - 0) + 3 + (-3 - -6)
5
39 - 27 - (5 - -2)
5
Evaluate 6 - (0 + 9 + 1 + -5).
1
(6 - (-4 + 7)) + 2
5
Calculate 9 + -5 + -23 + 16.
-3
(-1 - (4 - 0)) + 5
0
Calculate